{"id":12,"date":"2020-09-29T11:42:55","date_gmt":"2020-09-29T16:42:55","guid":{"rendered":"http:\/\/www.transparencia.appcotecnova.es\/?page_id=12"},"modified":"2023-07-11T18:04:09","modified_gmt":"2023-07-11T23:04:09","slug":"presupuesto","status":"publish","type":"page","link":"https:\/\/www.transparencia.appcotecnova.es\/index.php\/presupuesto\/","title":{"rendered":"Presupuesto"},"content":{"rendered":"\t\t<div data-elementor-type=\"wp-page\" data-elementor-id=\"12\" class=\"elementor elementor-12\" data-elementor-settings=\"[]\">\n\t\t\t\t\t\t<div class=\"elementor-inner\">\n\t\t\t\t\t\t\t<div class=\"elementor-section-wrap\">\n\t\t\t\t\t\t\t<section class=\"elementor-section elementor-top-section elementor-element elementor-element-f7d8f48 elementor-section-boxed elementor-section-height-default elementor-section-height-default\" data-id=\"f7d8f48\" data-element_type=\"section\">\n\t\t\t\t\t\t<div class=\"elementor-container elementor-column-gap-default\">\n\t\t\t\t\t\t\t<div class=\"elementor-row\">\n\t\t\t\t\t<div class=\"elementor-column elementor-col-100 elementor-top-column elementor-element elementor-element-f396b21\" data-id=\"f396b21\" data-element_type=\"column\">\n\t\t\t<div class=\"elementor-column-wrap elementor-element-populated\">\n\t\t\t\t\t\t\t<div class=\"elementor-widget-wrap\">\n\t\t\t\t\t\t<div class=\"elementor-element elementor-element-7c9b22f elementor-widget elementor-widget-text-editor\" data-id=\"7c9b22f\" data-element_type=\"widget\" data-widget_type=\"text-editor.default\">\n\t\t\t\t<div class=\"elementor-widget-container\">\n\t\t\t\t\t\t\t\t<div class=\"elementor-text-editor elementor-clearfix\">\n\t\t\t\t<ul style=\"margin-bottom: 20px; margin-left: 7px; border-color: rgb(225, 225, 225); font-style: normal; font-variant-numeric: inherit; font-variant-east-asian: inherit; font-variant-alternates: inherit; font-weight: 400; font-stretch: inherit; font-size: 13px; line-height: inherit; font-family: Roboto, sans-serif; font-optical-sizing: inherit; font-kerning: inherit; font-feature-settings: inherit; font-variation-settings: inherit; list-style-position: outside;\"><li style=\"margin-left: 1em; padding-top: 3px; padding-bottom: 3px; border-color: rgb(225, 225, 225); font-variant: inherit; font-stretch: inherit; font-size: inherit; line-height: inherit; font-optical-sizing: inherit; font-kerning: inherit; font-feature-settings: inherit; font-variation-settings: inherit;\"><a href=\"https:\/\/www.consejodirectivo.appcotecnova.es\/wp-content\/uploads\/2023\/03\/INFORME-DE-GESTION-2022.pdf\" style=\"border-color: rgb(225, 225, 225); font-variant: inherit; font-stretch: inherit; font-size: inherit; line-height: inherit; font-optical-sizing: inherit; font-kerning: inherit; font-feature-settings: inherit; font-variation-settings: inherit; max-width: 100%; color: rgb(113, 148, 48);\">Informe de Gesti\u00f3n Rectoral a\u00f1o 2022.<\/a><\/li><li style=\"margin-left: 1em; padding-top: 3px; padding-bottom: 3px; border-color: rgb(225, 225, 225); font-variant: inherit; font-stretch: inherit; font-size: inherit; line-height: inherit; font-optical-sizing: inherit; font-kerning: inherit; font-feature-settings: inherit; font-variation-settings: inherit;\"><a href=\"https:\/\/www.consejodirectivo.appcotecnova.es\/wp-content\/uploads\/2023\/03\/PROPUESTA-INVERSION-DE-EXCEDENTES.pdf\" style=\"border-color: rgb(225, 225, 225); font-variant: inherit; font-stretch: inherit; font-size: inherit; line-height: inherit; font-optical-sizing: inherit; font-kerning: inherit; font-feature-settings: inherit; font-variation-settings: inherit; max-width: 100%; color: rgb(113, 148, 48);\">Propuesta Inversi\u00f3n de Excedentes.<\/a><\/li><li style=\"margin-left: 1em; padding-top: 3px; padding-bottom: 3px; border-color: rgb(225, 225, 225); font-variant: inherit; font-stretch: inherit; font-size: inherit; line-height: inherit; font-optical-sizing: inherit; font-kerning: inherit; font-feature-settings: inherit; font-variation-settings: inherit;\"><a href=\"https:\/\/www.consejodirectivo.appcotecnova.es\/wp-content\/uploads\/2023\/03\/ESTADOS-FINANCIEROS-ANO-2022.pdf\" style=\"border-color: rgb(225, 225, 225); font-variant: inherit; font-stretch: inherit; font-size: inherit; line-height: inherit; font-optical-sizing: inherit; font-kerning: inherit; font-feature-settings: inherit; font-variation-settings: inherit; max-width: 100%; color: rgb(113, 148, 48);\">Estados Financieros a\u00f1o 2022.<\/a><\/li><\/ul>\t\t\t\t\t<\/div>\n\t\t\t\t\t\t<\/div>\n\t\t\t\t<\/div>\n\t\t\t\t\t\t<\/div>\n\t\t\t\t\t<\/div>\n\t\t<\/div>\n\t\t\t\t\t\t\t\t<\/div>\n\t\t\t\t\t<\/div>\n\t\t<\/section>\n\t\t\t\t\t\t<\/div>\n\t\t\t\t\t\t<\/div>\n\t\t\t\t\t<\/div>\n\t\t","protected":false},"excerpt":{"rendered":"<p>Informe de Gesti\u00f3n Rectoral a\u00f1o 2022. Propuesta Inversi\u00f3n de Excedentes. Estados Financieros a\u00f1o 2022.<\/p>\n","protected":false},"author":1,"featured_media":0,"parent":0,"menu_order":0,"comment_status":"closed","ping_status":"closed","template":"","meta":[],"_links":{"self":[{"href":"https:\/\/www.transparencia.appcotecnova.es\/index.php\/wp-json\/wp\/v2\/pages\/12"}],"collection":[{"href":"https:\/\/www.transparencia.appcotecnova.es\/index.php\/wp-json\/wp\/v2\/pages"}],"about":[{"href":"https:\/\/www.transparencia.appcotecnova.es\/index.php\/wp-json\/wp\/v2\/types\/page"}],"author":[{"embeddable":true,"href":"https:\/\/www.transparencia.appcotecnova.es\/index.php\/wp-json\/wp\/v2\/users\/1"}],"replies":[{"embeddable":true,"href":"https:\/\/www.transparencia.appcotecnova.es\/index.php\/wp-json\/wp\/v2\/comments?post=12"}],"version-history":[{"count":11,"href":"https:\/\/www.transparencia.appcotecnova.es\/index.php\/wp-json\/wp\/v2\/pages\/12\/revisions"}],"predecessor-version":[{"id":796,"href":"https:\/\/www.transparencia.appcotecnova.es\/index.php\/wp-json\/wp\/v2\/pages\/12\/revisions\/796"}],"wp:attachment":[{"href":"https:\/\/www.transparencia.appcotecnova.es\/index.php\/wp-json\/wp\/v2\/media?parent=12"}],"curies":[{"name":"wp","href":"https:\/\/api.w.org\/{rel}","templated":true}]}}